
{"id":392,"date":"2015-11-28T16:14:37","date_gmt":"2015-11-28T15:14:37","guid":{"rendered":"http:\/\/marche-steinseltz.fr\/?page_id=392"},"modified":"2020-04-23T10:37:55","modified_gmt":"2020-04-23T08:37:55","slug":"produits-laitiers","status":"publish","type":"page","link":"https:\/\/www.marche-steinseltz.fr\/?page_id=392","title":{"rendered":"Produits laitiers"},"content":{"rendered":"<p><span style=\"font-family: Bitter, Georgia, serif;\"><b>&nbsp;<\/b><\/span><\/p>\n<p><span style=\"font-size: 18pt; font-family: tahoma, arial, helvetica, sans-serif;\"><strong>La ferme Tiergarten<a href=\"https:\/\/marche-steinseltz.fr\/wp-content\/uploads\/2015\/04\/IMG_8189.jpg\"><img loading=\"lazy\" decoding=\"async\" class=\"wp-image-427 alignright\" src=\"https:\/\/marche-steinseltz.fr\/wp-content\/uploads\/2015\/04\/IMG_8189-300x200.jpg\" alt=\"IMG_8189\" width=\"278\" height=\"185\" srcset=\"https:\/\/www.marche-steinseltz.fr\/wp-content\/uploads\/2015\/04\/IMG_8189-300x200.jpg 300w, https:\/\/www.marche-steinseltz.fr\/wp-content\/uploads\/2015\/04\/IMG_8189-1024x683.jpg 1024w\" sizes=\"auto, (max-width: 278px) 100vw, 278px\" \/><\/a><\/strong><\/span><span style=\"font-family: tahoma, arial, helvetica, sans-serif;\"><br \/>\n67330 Bouxwiller<\/span><br \/>\n<span style=\"font-family: tahoma, arial, helvetica, sans-serif;\"> Tel&nbsp;: 03 88 70 70 14<\/span><br \/>\n<span style=\"font-family: tahoma, arial, helvetica, sans-serif;\"> Mail&nbsp;: <span lang=\"fr-FR\"><a href=\"mailto:joelle.brehm@orange.fr\">joelle.brehm@orange.fr<\/a><br \/>\n<a href=\"https:\/\/www.tiergarten.fr\" target=\"_blank\" rel=\"noopener noreferrer\">www.tiergarten.fr<\/a><\/span><\/span><\/p>\n<p><span style=\"color: #3366ff; font-size: 12pt; font-family: tahoma, arial, helvetica, sans-serif;\"><em><strong>Lait cru, fromage blanc, lait ferment\u00e9, fromage blanc sur lit de fruits, flans, yaourts.<\/strong><\/em><\/span><\/p>\n<p><img loading=\"lazy\" decoding=\"async\" class=\"alignnone\" src=\"https:\/\/marche-steinseltz.fr\/wp-content\/uploads\/2015\/04\/IMG_0519-300x200.jpg\" alt=\"IMG_0519\" width=\"234\" height=\"156\">&nbsp; &nbsp; &nbsp; &nbsp;&nbsp;<img loading=\"lazy\" decoding=\"async\" class=\"alignnone\" src=\"https:\/\/marche-steinseltz.fr\/wp-content\/uploads\/2015\/04\/IMG_0517-300x200.jpg\" alt=\"IMG_0517\" width=\"234\" height=\"156\"><img loading=\"lazy\" decoding=\"async\" class=\"alignright\" src=\"https:\/\/marche-steinseltz.fr\/wp-content\/uploads\/2015\/04\/logo-europeen-ecocert.jpg\" alt=\"logo-europeen-ecocert\" width=\"81\" height=\"54\"><\/p>\n<p>&nbsp;<\/p>\n<p><span lang=\"de-DE\">&nbsp;<\/span><span style=\"font-family: tahoma, arial, helvetica, sans-serif;\"><span style=\"font-size: 18pt;\"><strong>La ch\u00e8vrerie Meyer<\/strong><\/span><img loading=\"lazy\" decoding=\"async\" class=\"alignright wp-image-254 \" src=\"https:\/\/marche-steinseltz.fr\/wp-content\/uploads\/2015\/04\/chevrerie_meyer_petit-300x225.jpg\" alt=\"chevrerie_meyer_petit\" width=\"303\" height=\"227\" srcset=\"https:\/\/www.marche-steinseltz.fr\/wp-content\/uploads\/2015\/04\/chevrerie_meyer_petit-300x225.jpg 300w, https:\/\/www.marche-steinseltz.fr\/wp-content\/uploads\/2015\/04\/chevrerie_meyer_petit.jpg 800w\" sizes=\"auto, (max-width: 303px) 100vw, 303px\" \/><\/span><br \/>\n<span style=\"font-family: tahoma, arial, helvetica, sans-serif;\"> 4 rue de l&rsquo;\u00c9glise<\/span><br \/>\n<span style=\"font-family: tahoma, arial, helvetica, sans-serif;\"> 67250 Schoenenbourg<\/span><br \/>\n<span style=\"font-family: tahoma, arial, helvetica, sans-serif;\"> Tel. 03 88 54 70 10<\/span><br \/>\n<span style=\"font-family: tahoma, arial, helvetica, sans-serif;\"> <a href=\"mailto:nicolas.meyer32@orange.fr\">nicolas.meyer32@orange.fr<\/a><\/span><\/p>\n<p><span style=\"color: #3366ff; font-size: 14pt; font-family: tahoma, arial, helvetica, sans-serif;\"><em><strong>Fromage de ch\u00e8vre frais, \u00e9pic\u00e9, affin\u00e9<\/strong><\/em><\/span><\/p>\n<p><em><strong>&nbsp;<\/strong><\/em><a href=\"https:\/\/marche-steinseltz.fr\/wp-content\/uploads\/2015\/04\/logo-europeen-ecocert.jpg\"><img loading=\"lazy\" decoding=\"async\" src=\"https:\/\/marche-steinseltz.fr\/wp-content\/uploads\/2015\/04\/logo-europeen-ecocert.jpg\" alt=\"logo-europeen-ecocert\" width=\"81\" height=\"54\"><\/a><\/p>\n","protected":false},"excerpt":{"rendered":"<p>&nbsp; La ferme Tiergarten 67330 Bouxwiller Tel&nbsp;: 03 88 70 70 14 Mail&nbsp;: joelle.brehm@orange.fr www.tiergarten.fr Lait cru, fromage blanc, lait ferment\u00e9, fromage blanc sur lit de fruits, flans, yaourts. &nbsp; &nbsp; &nbsp; &nbsp;&nbsp; &nbsp; &nbsp;La ch\u00e8vrerie Meyer 4 rue de l&rsquo;\u00c9glise 67250 Schoenenbourg Tel. 03 88 54 70 10 nicolas.meyer32@orange.fr Fromage de ch\u00e8vre frais, \u00e9pic\u00e9, &hellip; <a href=\"https:\/\/www.marche-steinseltz.fr\/?page_id=392\" class=\"more-link\">Continuer la lecture de <span class=\"screen-reader-text\">Produits laitiers<\/span> <span class=\"meta-nav\">&rarr;<\/span><\/a><\/p>\n","protected":false},"author":2,"featured_media":0,"parent":0,"menu_order":0,"comment_status":"closed","ping_status":"closed","template":"","meta":{"footnotes":""},"class_list":["post-392","page","type-page","status-publish","hentry"],"_links":{"self":[{"href":"https:\/\/www.marche-steinseltz.fr\/index.php?rest_route=\/wp\/v2\/pages\/392","targetHints":{"allow":["GET"]}}],"collection":[{"href":"https:\/\/www.marche-steinseltz.fr\/index.php?rest_route=\/wp\/v2\/pages"}],"about":[{"href":"https:\/\/www.marche-steinseltz.fr\/index.php?rest_route=\/wp\/v2\/types\/page"}],"author":[{"embeddable":true,"href":"https:\/\/www.marche-steinseltz.fr\/index.php?rest_route=\/wp\/v2\/users\/2"}],"replies":[{"embeddable":true,"href":"https:\/\/www.marche-steinseltz.fr\/index.php?rest_route=%2Fwp%2Fv2%2Fcomments&post=392"}],"version-history":[{"count":7,"href":"https:\/\/www.marche-steinseltz.fr\/index.php?rest_route=\/wp\/v2\/pages\/392\/revisions"}],"predecessor-version":[{"id":760,"href":"https:\/\/www.marche-steinseltz.fr\/index.php?rest_route=\/wp\/v2\/pages\/392\/revisions\/760"}],"wp:attachment":[{"href":"https:\/\/www.marche-steinseltz.fr\/index.php?rest_route=%2Fwp%2Fv2%2Fmedia&parent=392"}],"curies":[{"name":"wp","href":"https:\/\/api.w.org\/{rel}","templated":true}]}}