
{"id":400,"date":"2015-11-28T16:59:55","date_gmt":"2015-11-28T15:59:55","guid":{"rendered":"http:\/\/marche-steinseltz.fr\/?page_id=400"},"modified":"2020-04-23T10:40:19","modified_gmt":"2020-04-23T08:40:19","slug":"viandes","status":"publish","type":"page","link":"https:\/\/www.marche-steinseltz.fr\/?page_id=400","title":{"rendered":"Viandes"},"content":{"rendered":"<h5><\/h5>\n<p><span style=\"font-family: tahoma, arial, helvetica, sans-serif;\"><strong><span style=\"font-size: 18pt;\">La ferme Sommer<\/span><a href=\"https:\/\/marche-steinseltz.fr\/wp-content\/uploads\/2015\/04\/IMG_0697.jpg\"><img loading=\"lazy\" decoding=\"async\" class=\" alignright\" src=\"https:\/\/marche-steinseltz.fr\/wp-content\/uploads\/2015\/04\/IMG_0697-300x200.jpg\" alt=\"IMG_0697\" width=\"339\" height=\"226\"><\/a><\/strong><\/span><br \/>\n<span style=\"font-family: tahoma, arial, helvetica, sans-serif;\"> 18 rue de l\u2019\u00e9tang<\/span><br \/>\n<span style=\"font-family: tahoma, arial, helvetica, sans-serif;\"> 67360 Langensoultzbach<\/span><br \/>\n<span style=\"font-family: tahoma, arial, helvetica, sans-serif;\"> Tel&nbsp;: 06 72 13 22 99<\/span><br \/>\n<span style=\"font-family: tahoma, arial, helvetica, sans-serif;\"> Mail&nbsp;: <a href=\"mailto:sommerj@orange.fr\">sommerj@orange.fr<\/a><\/span><\/p>\n<p><span style=\"color: #800000; font-size: 12pt; font-family: tahoma, arial, helvetica, sans-serif;\"><em><strong>Poulets, \u0152ufs<\/strong><\/em><\/span><br \/>\n<a href=\"https:\/\/marche-steinseltz.fr\/wp-content\/uploads\/2015\/04\/logo-europeen-80.jpg\"><img loading=\"lazy\" decoding=\"async\" src=\"https:\/\/marche-steinseltz.fr\/wp-content\/uploads\/2015\/04\/logo-europeen-80.jpg\" alt=\"logo-europeen-80\" width=\"80\" height=\"54\"><\/a><\/p>\n<p>&nbsp;<\/p>\n<p>&nbsp;<\/p>\n<p><span style=\"font-family: tahoma, arial, helvetica, sans-serif;\"><span style=\"font-size: 18pt;\"><strong>La &nbsp;ferme &nbsp;Cl\u00e9ment LE MEVEL<a href=\"https:\/\/marche-steinseltz.fr\/wp-content\/uploads\/2015\/04\/IMG_8174.jpg\"><img loading=\"lazy\" decoding=\"async\" class=\"size-medium wp-image-445 alignright\" src=\"https:\/\/marche-steinseltz.fr\/wp-content\/uploads\/2015\/04\/IMG_8174-300x200.jpg\" alt=\"IMG_8174\" width=\"300\" height=\"200\" srcset=\"https:\/\/www.marche-steinseltz.fr\/wp-content\/uploads\/2015\/04\/IMG_8174-300x200.jpg 300w, https:\/\/www.marche-steinseltz.fr\/wp-content\/uploads\/2015\/04\/IMG_8174-1024x683.jpg 1024w\" sizes=\"auto, (max-width: 300px) 100vw, 300px\" \/><\/a><\/strong> <\/span><\/span><br \/>\n<span style=\"font-family: tahoma, arial, helvetica, sans-serif;\"> 4, rue Vauban<\/span><br \/>\n<span style=\"font-family: tahoma, arial, helvetica, sans-serif;\"> 67480 FORT LOUIS<\/span><br \/>\n<span style=\"font-family: tahoma, arial, helvetica, sans-serif;\"> T\u00e9l.&nbsp;: 03 88 86 29 04<img loading=\"lazy\" decoding=\"async\" class=\"alignright\" src=\"https:\/\/marche-steinseltz.fr\/wp-content\/uploads\/2015\/04\/logo-europeen-80.jpg\" alt=\"logo-europeen-80\" width=\"80\" height=\"54\"><\/span><\/p>\n<p><span style=\"color: #800000; font-size: 12pt; font-family: tahoma, arial, helvetica, sans-serif;\"><em><strong>Viande de boeuf,&nbsp; asperges<\/strong><\/em><\/span><\/p>\n","protected":false},"excerpt":{"rendered":"<p>La ferme Sommer 18 rue de l\u2019\u00e9tang 67360 Langensoultzbach Tel&nbsp;: 06 72 13 22 99 Mail&nbsp;: sommerj@orange.fr Poulets, \u0152ufs &nbsp; &nbsp; La &nbsp;ferme &nbsp;Cl\u00e9ment LE MEVEL 4, rue Vauban 67480 FORT LOUIS T\u00e9l.&nbsp;: 03 88 86 29 04 Viande de boeuf,&nbsp; asperges<\/p>\n","protected":false},"author":2,"featured_media":0,"parent":0,"menu_order":0,"comment_status":"closed","ping_status":"closed","template":"","meta":{"footnotes":""},"class_list":["post-400","page","type-page","status-publish","hentry"],"_links":{"self":[{"href":"https:\/\/www.marche-steinseltz.fr\/index.php?rest_route=\/wp\/v2\/pages\/400","targetHints":{"allow":["GET"]}}],"collection":[{"href":"https:\/\/www.marche-steinseltz.fr\/index.php?rest_route=\/wp\/v2\/pages"}],"about":[{"href":"https:\/\/www.marche-steinseltz.fr\/index.php?rest_route=\/wp\/v2\/types\/page"}],"author":[{"embeddable":true,"href":"https:\/\/www.marche-steinseltz.fr\/index.php?rest_route=\/wp\/v2\/users\/2"}],"replies":[{"embeddable":true,"href":"https:\/\/www.marche-steinseltz.fr\/index.php?rest_route=%2Fwp%2Fv2%2Fcomments&post=400"}],"version-history":[{"count":4,"href":"https:\/\/www.marche-steinseltz.fr\/index.php?rest_route=\/wp\/v2\/pages\/400\/revisions"}],"predecessor-version":[{"id":762,"href":"https:\/\/www.marche-steinseltz.fr\/index.php?rest_route=\/wp\/v2\/pages\/400\/revisions\/762"}],"wp:attachment":[{"href":"https:\/\/www.marche-steinseltz.fr\/index.php?rest_route=%2Fwp%2Fv2%2Fmedia&parent=400"}],"curies":[{"name":"wp","href":"https:\/\/api.w.org\/{rel}","templated":true}]}}