
{"id":679,"date":"2018-03-29T20:42:18","date_gmt":"2018-03-29T18:42:18","guid":{"rendered":"http:\/\/marche-steinseltz.fr\/?page_id=679"},"modified":"2023-04-17T14:56:49","modified_gmt":"2023-04-17T12:56:49","slug":"exposants-divers","status":"publish","type":"page","link":"https:\/\/www.marche-steinseltz.fr\/?page_id=679","title":{"rendered":"Exposants divers"},"content":{"rendered":"\n<p> <\/p>\n\n\n\n<p><\/p>\n\n\n\n<hr class=\"wp-block-separator has-css-opacity\"\/>\n\n\n\n<p><\/p>\n\n\n\n<p><\/p>\n\n\n\n<hr class=\"wp-block-separator has-css-opacity\"\/>\n\n\n<div class=\"wp-block-image\">\n<figure class=\"alignright\"><a href=\"http:\/\/marche-steinseltz.fr\/wp-content\/uploads\/2018\/03\/IMG_0554.jpg\"><img loading=\"lazy\" decoding=\"async\" width=\"300\" height=\"200\" src=\"http:\/\/marche-steinseltz.fr\/wp-content\/uploads\/2018\/03\/IMG_0554-300x200.jpg\" alt=\"\" class=\"wp-image-672\" srcset=\"https:\/\/www.marche-steinseltz.fr\/wp-content\/uploads\/2018\/03\/IMG_0554-300x200.jpg 300w, https:\/\/www.marche-steinseltz.fr\/wp-content\/uploads\/2018\/03\/IMG_0554-768x512.jpg 768w, https:\/\/www.marche-steinseltz.fr\/wp-content\/uploads\/2018\/03\/IMG_0554-1024x683.jpg 1024w\" sizes=\"auto, (max-width: 300px) 100vw, 300px\" \/><\/a><\/figure><\/div>\n\n\n<p><span style=\"font-size: 14pt;\"><strong>Frederic Nature \u2013<\/strong><strong> M. Meeder&nbsp; &nbsp; &nbsp;<\/strong><\/span><br>10 rue de l\u2019Eglise<br>67150 Hipsheim<br>Tel: 07 70 80 20 22<br><a href=\"mailto:Frederic.naturetbio@gmail.com\">Frederic.naturetbio@gmail.com<\/a><\/p>\n\n\n\n<p><strong>Savons<br>Cosm\u00e9tiques<\/strong><br><strong>Produits d&rsquo;entretien<\/strong><\/p>\n\n\n\n<hr class=\"wp-block-separator has-css-opacity\"\/>\n\n\n<div class=\"wp-block-image\">\n<figure class=\"alignright\"><a href=\"http:\/\/marche-steinseltz.fr\/wp-content\/uploads\/2015\/04\/IMG_0701.jpg\" target=\"_blank\" rel=\"noopener noreferrer\"><img loading=\"lazy\" decoding=\"async\" width=\"300\" height=\"200\" src=\"http:\/\/marche-steinseltz.fr\/wp-content\/uploads\/2015\/04\/IMG_0701-300x200.jpg\" alt=\"\" class=\"wp-image-163\" srcset=\"https:\/\/www.marche-steinseltz.fr\/wp-content\/uploads\/2015\/04\/IMG_0701-300x200.jpg 300w, https:\/\/www.marche-steinseltz.fr\/wp-content\/uploads\/2015\/04\/IMG_0701-1024x683.jpg 1024w, https:\/\/www.marche-steinseltz.fr\/wp-content\/uploads\/2015\/04\/IMG_0701.jpg 1200w\" sizes=\"auto, (max-width: 300px) 100vw, 300px\" \/><\/a><\/figure><\/div>\n\n\n<p><strong><span style=\"font-size: 14pt;\">Maria Ball &#8211; Naturopathe<\/span><br><\/strong>3 rue de la Paix<br>67160 OBERLAUTERBACH<br>T\u00e9l. 06 98 99 35 25<br><a href=\"http:\/\/mariaball-naturo.fr\/\" target=\"_blank\" rel=\"noopener noreferrer\">www.mariaball-naturo.fr<\/a><\/p>\n\n\n\n<p><strong>Extracteurs de jus<\/strong><br><strong> D\u00e9shydrateurs<\/strong><br><strong> Be save Accessoire de conservation<br>Vente des produits <a href=\"http:\/\/www.natura4ever.com\/fr\/\" target=\"_blank\" rel=\"noopener noreferrer\">Natura4ever<\/a><br>Les Ateliers de Maria<br>Vente de jus frais et encas sucr\u00e9s sal\u00e9s sans gluten et sans produits laitiers<\/strong><\/p>\n\n\n\n<div>\u00a0<\/div>\n","protected":false},"excerpt":{"rendered":"<p>Frederic Nature \u2013 M. Meeder&nbsp; &nbsp; &nbsp;10 rue de l\u2019Eglise67150 HipsheimTel: 07 70 80 20 22Frederic.naturetbio@gmail.com SavonsCosm\u00e9tiquesProduits d&rsquo;entretien Maria Ball &#8211; Naturopathe3 rue de la Paix67160 OBERLAUTERBACHT\u00e9l. 06 98 99 35 25www.mariaball-naturo.fr Extracteurs de jus D\u00e9shydrateurs Be save Accessoire de conservationVente des produits Natura4everLes Ateliers de MariaVente de jus frais et encas sucr\u00e9s sal\u00e9s sans &hellip; <a href=\"https:\/\/www.marche-steinseltz.fr\/?page_id=679\" class=\"more-link\">Continuer la lecture de <span class=\"screen-reader-text\">Exposants divers<\/span> <span class=\"meta-nav\">&rarr;<\/span><\/a><\/p>\n","protected":false},"author":2,"featured_media":0,"parent":0,"menu_order":0,"comment_status":"closed","ping_status":"closed","template":"","meta":{"footnotes":""},"class_list":["post-679","page","type-page","status-publish","hentry"],"_links":{"self":[{"href":"https:\/\/www.marche-steinseltz.fr\/index.php?rest_route=\/wp\/v2\/pages\/679","targetHints":{"allow":["GET"]}}],"collection":[{"href":"https:\/\/www.marche-steinseltz.fr\/index.php?rest_route=\/wp\/v2\/pages"}],"about":[{"href":"https:\/\/www.marche-steinseltz.fr\/index.php?rest_route=\/wp\/v2\/types\/page"}],"author":[{"embeddable":true,"href":"https:\/\/www.marche-steinseltz.fr\/index.php?rest_route=\/wp\/v2\/users\/2"}],"replies":[{"embeddable":true,"href":"https:\/\/www.marche-steinseltz.fr\/index.php?rest_route=%2Fwp%2Fv2%2Fcomments&post=679"}],"version-history":[{"count":29,"href":"https:\/\/www.marche-steinseltz.fr\/index.php?rest_route=\/wp\/v2\/pages\/679\/revisions"}],"predecessor-version":[{"id":803,"href":"https:\/\/www.marche-steinseltz.fr\/index.php?rest_route=\/wp\/v2\/pages\/679\/revisions\/803"}],"wp:attachment":[{"href":"https:\/\/www.marche-steinseltz.fr\/index.php?rest_route=%2Fwp%2Fv2%2Fmedia&parent=679"}],"curies":[{"name":"wp","href":"https:\/\/api.w.org\/{rel}","templated":true}]}}